r of 144 and 3664?
16
Calculate the greatest common factor of 147 and 168.
21
Calculate the greatest common divisor of 128 and 4.
4
What is the greatest common divisor of 1316 and 470?
94
Calculate the highest common divisor of 33 and 143.
11
What is the highest common divisor of 110 and 10?
10
Calculate the highest common divisor of 8 and 8.
8
Calculate the greatest common divisor of 102 and 3162.
102
What is the greatest common factor of 1485 and 11?
11
What is the highest common factor of 1134 and 1296?
162
What is the greatest common factor of 15 and 195?
15
What is the highest common factor of 418 and 176?
22
Calculate the greatest common factor of 56 and 98.
14
What is the greatest common divisor of 88 and 154?
22
Calculate the greatest common divisor of 22 and 1309.
11
What is the greatest common divisor of 15057 and 147?
21
What is the greatest common divisor of 144 and 72?
72
What is the greatest common factor of 13248 and 207?
207
What is the greatest common factor of 14 and 2695?
7
Calculate the highest common divisor of 72 and 2574.
18
Calculate the highest common factor of 25 and 25.
25
What is the greatest common factor of 184 and 322?
46
What is the greatest common factor of 36 and 153?
9
What is the greatest common divisor of 6 and 111?
3
Calculate the highest common divisor of 182 and 14287.
91
What is the highest common divisor of 78 and 1599?
39
What is the highest common factor of 392 and 1064?
56
What is the highest common divisor of 50936 and 8?
8
Calculate the highest common factor of 224 and 24.
8
What is the greatest common factor of 87308 and 52?
52
What is the greatest common factor of 24 and 732?
12
What is the greatest common factor of 232 and 261?
29
What is the highest common factor of 20 and 27620?
20
Calculate the highest common factor of 108 and 60.
12
What is the highest common divisor of 145 and 25375?
145
Calculate the greatest common divisor of 14 and 1162.
14
Calculate the greatest common factor of 15 and 1365.
15
Calculate the highest common divisor of 60 and 690.
30
What is the highest common divisor of 19 and 38?
19
Calculate the greatest common factor of 161 and 529.
23
Calculate the highest common factor of 130 and 16094.
26
What is the greatest common divisor of 174 and 1972?
58
Calculate the highest common factor of 42 and 42.
42
Calculate the greatest common factor of 2320 and 8.
8
What is the greatest common divisor of 131 and 27379?
131
Calculate the greatest common divisor of 48 and 648.
24
Calculate the greatest common factor of 135 and 240.
15
Calculate the greatest common divisor of 261 and 18.
9
What is the highest common factor of 7420 and 140?
140
What is the highest common divisor of 15 and 12?
3
What is the highest common factor of 30 and 2505?
15
What is the highest common factor of 24 and 152?
8
What is the highest common divisor of 3341 and 26?
13
What is the highest common factor of 32 and 216?
8
Calculate the highest common divisor of 11581 and 1565.
313
Calculate the highest common divisor of 13 and 66677.
13
Calculate the highest common factor of 23 and 11086.
23
Calculate the highest common divisor of 1349 and 71.
71
What is the greatest common factor of 288 and 256?
32
What is the highest common divisor of 3500 and 7?
7
What is the greatest common divisor of 10284 and 12?
12
Calculate the highest common divisor of 3 and 48.
3
What is the highest common factor of 13375 and 107?
107
Calculate the highest common divisor of 24 and 324.
12
What is the greatest common factor of 2527 and 91?
7
What is the highest common factor of 4698 and 1392?
174
Calculate the greatest common divisor of 756 and 72.
36
Calculate the highest common factor of 9177 and 912.
57
Calculate the greatest common factor of 18084 and 132.
132
Calculate the highest common factor of 737 and 201.
67
Calculate the greatest common divisor of 1113 and 42.
21
Calculate the greatest common factor of 18 and 522.
18
Calculate the greatest common divisor of 7090 and 40.
10
Calculate the highest common divisor of 6 and 14.
2
Calculate the highest common factor of 4 and 392.
4
Calculate the highest common divisor of 2085 and 255.
15
Calculate the highest common divisor of 3 and 411.
3
What is the highest common divisor of 250 and 3375?
125
What is the greatest common factor of 143 and 117?
13
What is the greatest common factor of 1891 and 122?
61
What is the highest common divisor of 228 and 836?
76
Calculate the highest common divisor of 45 and 6.
3
Calculate the highest common factor of 105 and 3423.
21
Calculate the highest common divisor of 1704 and 24.
24
Calculate the highest common divisor of 590 and 10.
10
Calculate the greatest common divisor of 165 and 275.
55
What is the greatest common factor of 119 and 14?
7
Calculate the highest common factor of 73 and 876.
73
Calculate the greatest common divisor of 7 and 5075.
7
What is the greatest common factor of 48 and 78?
6
Calculate the greatest common factor of 20962 and 94.
94
Calculate the highest common divisor of 154 and 14.
14
Calculate the highest common divisor of 56 and 40.
8
Calculate the highest common factor of 52 and 260.
52
Calculate the greatest common factor of 144 and 8082.
18
Calculate the highest common factor of 6916 and 4.
4
What is the greatest common divisor of 34 and 153?
17
Calculate the highest common factor of 84 and 39186.
42
What is the highest common divisor of 3649 and 445?
89
What is the highest common divisor of 319 and 232?
29
What is the greatest common divisor of 20 and 11170?
10
Calculate the greatest common factor of 220 and 12.
4
Calculate the greatest common factor of 1184 and 208.
16
What is the highest common factor of 1512 and 112?
56
Calculate the greatest common factor of 1110 and 3441.
111
Calculate the greatest common factor of 18 and 150.
6
Calculate the greatest common divisor of 5907 and 264.
33
Calculate the highest common divisor of 21 and 5103.
21
What is the greatest common factor of 68 and 221?
17
What is the greatest common divisor of 108 and 6642?
54
What is the highest common divisor of 181 and 8869?
181
Calculate the greatest common divisor of 51 and 15963.
51
What is the greatest common divisor of 77 and 33?
11
Calculate the greatest common divisor of 236 and 4.
4
What is the highest common divisor of 98 and 4?
2
Calculate the greatest common divisor of 8 and 320.
8
What is the highest common divisor of 24 and 1500?
12
Calculate the greatest common factor of 28823 and 19.
19
Calculate the greatest common factor of 1652 and 28.
28
Calculate the greatest common divisor of 84 and 60.
12
What is the highest common factor of 3423 and 21?
21
Calculate the greatest common divisor of 924 and 84.
84
What is the highest common divisor of 6 and 474?
6
What is the highest common factor of 4599 and 105?
21
What is the greatest common factor of 1976 and 1064?
152
Calculate the greatest common factor of 28 and 126.
14
Calculate the highest common factor of 90 and 5976.
18
What is the greatest common factor of 156 and 52?
52
Calculate the highest common divisor of 248 and 9238.
62
What is the highest common factor of 24 and 50712?
24
Calculate the greatest common divisor of 24 and 7260.
12
What is the greatest common divisor of 28 and 6160?
28
Calculate the greatest common divisor of 544 and 32.
32
Calculate the greatest common factor of 158 and 1027.
79
Calculate the greatest common factor of 31 and 775.
31
Calculate the greatest common factor of 57289 and 118.
59
Calculate the greatest common divisor of 64 and 1728.
64
What is the highest common divisor of 16 and 1768?
8
What is the greatest common factor of 260 and 1872?
52
Calculate the highest common divisor of 2139 and 621.
69
Calculate the highest common divisor of 12050 and 275.
25
Calculate the highest common factor of 50 and 9650.
50
What is the greatest common divisor of 146 and 136?
2
What is the highest common divisor of 410 and 82?
82
Calculate the greatest common divisor of 84 and 3892.
28
What is the greatest common factor of 126 and 5082?
42
Calculate the greatest common factor of 8 and 6948.
4
What is the highest common divisor of 118 and 6?
2
Calculate the greatest common factor of 1066 and 1196.
26
Calculate the highest common divisor of 48 and 3072.
